8 (base 13) to base 14.
8
What is 21 (base 8) in base 6?
25
What is -15 (base 8) in base 2?
-1101
-3 (base 13) to base 8
-3
What is 5 (base 9) in base 11?
5
What is a (base 12) in base 13?
a
43 (base 11) to base 7
65
Convert 11101 (base 2) to base 14.
21
What is -1 (base 3) in base 10?
-1
Convert -41 (base 6) to base 4.
-121
What is -1000 (base 3) in base 11?
-25
What is 2 (base 9) in base 12?
2
What is -115 (base 12) in base 3?
-12222
What is -18 (base 9) in base 6?
-25
-60 (base 7) to base 16
-2a
What is -333 (base 8) in base 5?
-1334
Convert -3 (base 6) to base 9.
-3
What is -b (base 16) in base 15?
-b
Convert -115 (base 8) to base 5.
-302
Convert 23 (base 4) to base 12.
b
Convert 3 (base 5) to base 16.
3
1 (base 9) to base 11
1
-88 (base 14) to base 16
-78
-3 (base 7) to base 15
-3
-12 (base 7) to base 12
-9
Convert -120 (base 3) to base 10.
-15
What is -15 (base 16) in base 12?
-19
12 (base 7) to base 16
9
What is 1 (base 13) in base 16?
1
Convert 110 (base 2) to base 10.
6
What is 0 (base 2) in base 3?
0
What is 166 (base 11) in base 3?
21011
Convert -2a (base 11) to base 7.
-44
What is -69 (base 11) in base 7?
-135
-5 (base 6) to base 5
-10
-13 (base 12) to base 3
-120
-82 (base 9) to base 4
-1022
-11 (base 2) to base 13
-3
94 (base 10) to base 9
114
4 (base 14) to base 11
4
What is 0 (base 15) in base 4?
0
Convert 2 (base 16) to base 9.
2
What is 5 (base 14) in base 12?
5
What is -209 (base 10) in base 13?
-131
What is 26 (base 12) in base 13?
24
3 (base 5) to base 13
3
5 (base 13) to base 3
12
What is 3 (base 8) in base 16?
3
Convert 16 (base 7) to base 9.
14
What is 17 (base 12) in base 7?
25
What is 2 (base 8) in base 9?
2
What is 34 (base 10) in base 11?
31
-e (base 16) to base 13
-11
Convert -1021 (base 3) to base 10.
-34
-5 (base 16) to base 15
-5
Convert -5 (base 13) to base 16.
-5
110 (base 2) to base 6
10
Convert 0 (base 3) to base 6.
0
Convert 5 (base 10) to base 2.
101
-1 (base 15) to base 4
-1
44 (base 9) to base 12
34
What is 50 (base 10) in base 8?
62
What is 0 (base 5) in base 10?
0
What is -7 (base 11) in base 13?
-7
What is 10 (base 4) in base 12?
4
What is -147 (base 13) in base 4?
-3210
3 (base 5) to base 6
3
What is -5 (base 6) in base 8?
-5
0 (base 9) to base 15
0
What is 1 (base 16) in base 4?
1
Convert -7 (base 14) to base 7.
-10
-210 (base 3) to base 16
-15
Convert 12 (base 3) to base 4.
11
Convert 3 (base 7) to base 13.
3
-92 (base 11) to base 9
-122
Convert -101010 (base 2) to base 4.
-222
-3 (base 16) to base 14
-3
What is -4 (base 9) in base 12?
-4
-87 (base 10) to base 14
-63
Convert -c (base 14) to base 7.
-15
What is 2 (base 10) in base 14?
2
Convert -1 (base 8) to base 11.
-1
1002 (base 3) to base 8
35
-25 (base 12) to base 3
-1002
Convert -7 (base 16) to base 4.
-13
-1 (base 15) to base 9
-1
-19 (base 14) to base 6
-35
-2 (base 13) to base 14
-2
Convert -4 (base 10) to base 16.
-4
-12 (base 5) to base 6
-11
Convert 70 (base 10) to base 14.
50
78 (base 11) to base 13
67
Convert 3 (base 6) to base 8.
3
23 (base 4) to base 10
11
Convert -e (base 16) to base 2.
-1110
Convert -1 (base 14) to base 16.
-1
Convert -4b (base 14) to base 2.
-1000011
11 (base 14) to base 9
16
What is -9a (base 15) in base 11?
-122
What is 1140 (base 5) in base 7?
332
11 (base 13) to base 14
10
What is 7 (base 15) in base 10?
7
Convert 11222 (base 3) to base 2.
10000110
What is 2 (base 14) in base 12?
2
Convert -12 (base 4) to base 2.
-110
What is 21 (base 3) in base 16?
7
What is -4 (base 5) in base 12?
-4
What is -3 (base 10) in base 6?
-3
Convert -ee (base 15) to base 7.
-440
-31 (base 7) to base 11
-20
What is 1221 (base 3) in base 14?
3a
What is 102 (base 6) in base 7?
53
Convert -15 (base 13) to base 12.
-16
Convert -54 (base 6) to base 14.
-26
Convert 83 (base 12) to base 6.
243
3 (base 15) to base 8
3
What is 9 (base 13) in base 2?
1001
Convert -23 (base 13) to base 11.
-27
Convert -5 (base 7) to base 4.
-11
60 (base 8) to base 16
30
Convert 1001 (base 2) to base 4.
21
Convert 1 (base 7) to base 13.
1
What is 5 (base 14) in base 4?
11
Convert 6 (base 10) to base 4.
12
0 (base 11) to base 14
0
Convert -a (base 13) to base 10.
-10
101 (base 3) to base 7
13
-184 (base 9) to base 4
-2131
What is 111 (base 3) in base 8?
15
144 (base 11) to base 7
331
What is -6 (base 8) in base 14?
-6
What is -105 (base 12) in base 10?
-149
Convert -39 (base 15) to base 4.
-312
What is 2 (base 10) in base 12?
2
101 (base 2) to base 4
11
12 (base 5) to base 11
7
-300 (base 4) to base 8
-60
Convert -3b (base 14) to base 6.
-125
77 (base 9) to base 6
154
Convert 142 (base 5) to base 10.
47
Convert 1212 (base 6) to base 9.
358
What is -2a (base 14) in base 7?
-53
155 (base 6) to base 11
65
Convert 3 (base 14) to base 6.
3
Convert 10 (base 4) to base 12.
4
What is -10 (base 5) in base 11?
-5
-16 (base 15) to base 4
-111
47 (base 9) to base 6
111
What is -10011 (base 2) in base 10?
-19
Convert -101 (base 4) to base 5.
-32
What is 94 (base 11) in base 5?
403
What is b2 (base 12) in base 13?
a4
Convert 3 (base 7) to base 13.
3
-102 (base 3) to base 10
-11
Convert -242 (base 5) to base 16.
-48
What is -1 (base 14) in base 7?
-1
17 (base 15) to base 9
24
Convert -114 (base 7) to base 10.
-60
What is 4 (base 13) in base 12?
4
8 (base 11) to base 9
8
-18 (base 16) to base 13
-1b
Convert -167 (base 16) to base 9.
-438
Convert 11110010 (base 2) to base 7.
464
Convert 6 (base 15) to base 14.
6
What is c (base 13) in base 15?
c
5 (base 9) to base 2
101
What is -1 (base 12) in base 16?
-1
Convert 100110 (base 2) to base 14.
2a
What is 19 (base 11) in base 6?
32
What is 2333 (base 4) in base 13?
119
30 (base 5) to base 8
17
2 (base 3) to base 10
2
2 (base 8) to base 7
2
What is 13 (base 11) in base 12?
12
What is -37 (base 10) in base 7?
-52
What is -6 (base 13) in base 2?
-110
Convert 5 (base 14) to base 4.
11
What is 231 (base 5) in base 11?
60
-415 (base 7) to base 2
-11010000
1 (base 5) to base 15
1
-b (base 16) to base 13
-b
What is -89 (base 12) in base 10?
-105
1101 (base 2) to base 6
21
What is -122 (base 8) in base 6?
-214
Convert -20 (base 8) to base 10.
-16
3 (base 4) to base 6
3
What is 20 (base 14) in base 7?
40
2 (base 3) to base 14
2
-10 (base 2) to base 4
-2
Convert 102 (base 3) to base 9.
12
Convert 1013 (base 5) to base 9.
157
Convert -6 (base 12) to base 11.
-6
What is -5 (base 14) in base 7?
-5
What is 8 (base 9) in base 7?
11
-4 (base 12) to base 3
-11
Convert 21 (base 5) to base 13.
b
Convert 2 (base 4) to base 7.
2
0 (base 5) to base 14
0
Convert -1 (base 5) to base 7.
-1
-1 (base 9) to base 3
-1
Convert 562 (base 7) to base 2.
100100001
-101 (base 3) to base 13
-a
Convert 4 (base 16) to base 9.
4
1 (base 5) to base 16
1
Convert 1241 (base 6) to base 12.
221
2 (base 4) to base 14
2
Convert 5 (base 16) to base 14.
5
What is -10 (base 5) in base 7?
-5
-13 (base 5) to base 2
-1000
Convert 11 (base 3) to base 14.
4
What is -11 (base 8) in base 15?
-9
Convert -32 (base 4) to base 3.
-112
3032 (base 4) to base 10
206
240 (base 6) to base 2
1100000
What is 1 (base 14) in base 13?
1
Convert 111 (base 3) to base 2.
1101
-5 (base 10) to base 8
-5
-22 (base 5) to base 4
-30
-a0 (base 11) to base 5
-420
Convert -11211 (base 3) to base 12.
-aa
-32 (base 4) to base 12
-12
11220 (base 3) to base 2
10000100
What is -1000101 (base 2) in base 12?
-59
What is -23 (base 4) in base 9?
-12
Convert 0 (base 3) to base 8.
0
Convert 57 (base 13) to base 7.
132
Convert 0 (base 15) to base 13.
0
Convert -36 (base 13) to base 2.
-101101
What is 37 (base 13) in base 5?
141
Convert -2 (base 11) to base 16.
-2
1 (base 16) to base 4
1
What is -1 (base 3) in base 8?
-1
-321 (base 8) to base 11
-180
What is 11 (base 4) in base 8?
5
3 (base 5) to base 2
11
What is -1 (base 12) in base 11?
-1
Convert -20 (base 3) to base 7.
-6
What is 1 (base 8) in base 11?
1
Convert 2 (base 12) to base 4.
2
Convert -455 (base 6) to base 7.
-344
Convert 6 (base 10) to base 14.
6
Convert -2 (base 3) to base 12.
-2
What is 5 (base 7) in base 3?
12
-150 (base 9) to base 16
-7e
What is 10 (base 6) in base 2?
110
What is 1101 (base 4) in base 8?
121
11 (base 5) to base 3
20
What is 20 (base 11) in base 8?
26
Convert 8 (base 12) to base 15.
8
Convert 0 (base 15) to base 10.
0
What is 44 (base 9